 + w)*(0 - -1 - 21).
2, 5
Suppose 4*n - 37 = 35. Suppose -1491 = -2*x + l, -l = n*x - 17*x - 750. List the prime factors of x.
3, 83
Let u be 150/(-6) + 1*4. Let g = u - -19. What are the prime factors of 166 + 4/g - (-3 - -2)?
3, 5, 11
Let w = -18 + 40. Suppose 0 = 4*g + 2*t - 558, t = -g + 120 + w. List the prime factors of g.
137
Let v be (-6)/(-18)*-6 + 7. Let g(f) = 311*f - 3. Let s be g(2). Suppose t = -5*c + 771, -c = -v*c - 3*t + s. List the prime factors of c.
2, 7, 11
Let o be -5*-4*(-9)/(-30) - -870. Suppose -4*i = -2*k - o - 112, -4*k = 8. List the prime factors of i.
2, 3, 41
Suppose -6*b = 5*b - 385. Let p = -33 + b. Let v(y) = 21*y**2 - 7*y + 9. What are the prime factors of v(p)?
79
Suppose 3*a - 34 = -4*h - 161, 0 = -2*a + 5*h - 100. Let x = 164 - a. What are the prime factors of x?
11, 19
Let n(u) = 303*u**2 + 146*u - 1706. What are the prime factors of n(12)?
2, 21839
Suppose -74461 = -16*k - 15117. What are the prime factors of k?
3709
Let i = 10203 + 3353. List the prime factors of i.
2, 3389
Suppose -3*u + 24 = 2*a - 6, -3*u + 27 = 3*a. Let m(v) = 2*v**2 + 0*v**2 - 11 - 6*v - 18. What are the prime factors of m(u)?
11, 17
Suppose 67*o + 601958 = 213*o. What are the prime factors of o?
7, 19, 31
Let a(x) = 56509*x**2 + 35*x - 6. List the prime factors of a(1).
2, 3, 349
Let d = -3189 - -29810. List the prime factors of d.
7, 3803
Suppose -5*t + 1923 = 4*g, -5*g - 604 - 535 = -3*t. Let o = t + 633. What are the prime factors of o?
2, 127
Suppose -4*g - c + 18 = 0, 5*c - 3 = 2*g - 1. Suppose -949 = -g*o - 37. What are the prime factors of o?
2, 3, 19
Suppose -15*l - 309 - 96 = 0. Let c(h) = 285*h + 156. Let t(k) = 22*k + 12. Let d(i) = l*t(i) + 2*c(i). What are the prime factors of d(-2)?
2, 3
Let j = 516 + -803. Let l = 551 + j. What are the prime factors of l?
2, 3, 11
Let t be -4 - (2 + 6 + -809). Suppose -991 = -5*x - s - 3*s, 4*x - t = s. What are the prime factors of x?
199
Let f(v) = v**3 - 6*v**2 - 3*v + 10. Let c be f(6). Let k(g) = -116*g - 11. List the prime factors of k(c).
7, 131
Let d = -57 + 619. Suppose -n = o - d, 2*n + 6*o = 5*o + 1121. What are the prime factors of n?
13, 43
Let b(g) = -g**2 + 16*g + 35. Let a be b(-10). Let o = -167 - a. List the prime factors of o.
2, 29
Let k(r) be the first derivative of 8*r + 5/2*r**2 + 2/3*r**3 - 35. List the prime factors of k(7).
3, 47
Suppose -149 = -7*b - 16. Suppose 6*c = -b*c + 29225. List the prime factors of c.
7, 167
Suppose 0 = u + 2*q - 42, -5*u + u - 4*q + 160 = 0. What are the prime factors of ((-144)/32)/((-3)/u)?
3, 19
Suppose 3700 = 21*n - n. Suppose -x + n = -54. What are the prime factors of x?
239
Let n be 6*(-7)/(-11) - 6/(-33). Let k be (-176)/(0 - -1) + n. What are the prime factors of k/(-16) - (-2)/8?
11
Let p = 14509 - 10142. What are the prime factors of p?
11, 397
Let l be (218*3/30)/(8/40). Suppose -l = t - 108. List the prime factors of 248 - (-10)/(-15)*(2 - t).
2, 3, 41
Let p(h) = h**3 + 59*h**2 + 10*h - 258. What are the prime factors of p(-53)?
2, 29, 277
Let f = 1083 + -1083. Suppose -2*d = -q + 3 - 14, -9 = -3*d - q. Suppose d*t - 212 = -f*t. List the prime factors of t.
53
Suppose 6 = -5*k + 21. List the prime factors of (k/1)/(-1) - 218/(-2).
2, 53
Let u be ((-117)/36 + 8)/(2/184). Suppose -5*f = -2*n - 2236, 0 = f + 6*n - 3*n - u. What are the prime factors of f?
2, 223
List the prime factors of (566049/34)/(11/22).
3, 11, 1009
List the prime factors of (-1971)/2*(-8 - (-7 - (4 + -5))).
3, 73
Suppose 10*w - 488460 = -60*w. What are the prime factors of w?
2, 3, 1163
What are the prime factors of -4644*(4 + -14 + 9)?
2, 3, 43
List the prime factors of (-43 + -16)/(2 - 193/96).
2, 3, 59
What are the prime factors of 6672/40*750/120*84/5?
2, 3, 7, 139
Let m = 252802 - 173738. What are the prime factors of m?
2, 9883
Let a(f) = -17 - 150*f + 33 - 14. List the prime factors of a(-1).
2, 19
Let p be (21/(-14))/(9/(-24)). Suppose -2*d = -4 - p. Suppose -d*u = -2*m + 164, -m = 4*m + 3*u - 384. List the prime factors of m.
2, 3, 13
Let j = -17 - -19. Suppose -3*q + 5*i = -1536, -j*i = 4*q - 3*i - 2031. What are the prime factors of q?
3, 13
Let l(q) be the second derivative of 100*q**4/3 - q**3/6 - 5*q**2/2 + 5*q. What are the prime factors of l(-2)?
1597
Suppose 4*o = -5*x + 8788, 5*x - 14*o + 19*o - 8795 = 0. What are the prime factors of x?
2, 3, 73
Let r = 8418 - 5391. List the prime factors of r.
3, 1009
Let q(y) be the second derivative of 5*y**3/2 + 21*y**2/2 - 2*y - 16. What are the prime factors of q(8)?
3, 47
Let c(v) = -21*v + 36. Let i be c(6). List the prime factors of -1536*(-15)/(i/(-4)).
2
Let t(p) be the third derivative of -97*p**6/15 + p**5/30 - p**4/12 - 2*p**3/3 - p**2 - 27*p. List the prime factors of t(-1).
2, 97
Suppose 0 = -4*b + 30 - 10. Suppose -5*o + g = -b, 2*g - 3 = 3*o + 1. Suppose 9*u = -o*u + 902. List the prime factors of u.
2, 41
Let d(f) = f**2 + 33*f + 258. Let b be d(-31). Let y = 934 + b. What are the prime factors of y?
2, 5, 113
Suppose 796*d - 2*w = 799*d - 149687, 149686 = 3*d + w. What are the prime factors of d?
5, 17, 587
Suppose -2*x + 4517 + 2591 = p, 2*p = -5*x + 17769. List the prime factors of x.
11, 17, 19
Suppose 0 = 137*y - 78*y - 1483837 + 106718. List the prime factors of y.
17, 1373
Let i = -4878 - -18993. What are the prime factors of i?
3, 5, 941
Suppose -27*r - 267204 + 1340481 = 0. What are the prime factors of r?
127, 313
List the prime factors of -1657*(10 + (1 - 12)).
1657
Suppose 28*i = 23*i + 20. What are the prime factors of (3 - -43)*(14/i + -2)?
3, 23
Let v(w) = 808*w - 951. What are the prime factors of v(5)?
3089
Let n(y) = -17*y + 133. Let k be n(-6). Suppose -k*p + 1752 = -231*p. What are the prime factors of p?
2, 3, 73
Suppose -8*c + 465 = -511. Suppose -13488 = 106*w - c*w. List the prime factors of w.
3, 281
Suppose -720487 = -328*u + 11195753. List the prime factors of u.
2, 3, 5, 7, 173
Let y(m) = 2*m**3 - 5*m**2 - 38*m + 318. List the prime factors of y(16).
2, 7, 11, 43
Let l be 6 + (-5)/(-5) + -2. Suppose 78 = l*u + 4*b, -84 = 4*u - 8*u + 4*b. Suppose 17*q - 8*q - u = 0. List the prime factors of q.
2
Let o = 2552 - -6604. Suppose -14*k + 28*k = o. List the prime factors of k.
2, 3, 109
Let o(n) = 61 + 14*n - 24 - 18 - 22 + 2*n**2. Let h be (-12)/(-7)*28/6. What are the prime factors of o(h)?
3, 79
Let s = -14639 - -43222. What are the prime factors of s?
101, 283
Let c = -1933 - -7794. Suppose -3*b + 1472 = x, 0*x - 3*b + c = 4*x. What are the prime factors of x?
7, 11, 19
Let d = 507 + -662. Let c = -130 + 34. Let u = c - d. List the prime factors of u.
59
Suppose -3694 - 2348 = -19*f. Let y = -96 + f. What are the prime factors of y?
2, 3, 37
Let d(n) = n**3 + 35*n**2 + 14*n + 165. What are the prime factors of d(-34)?
5, 13
Let i = -11205 - -18450. What are the prime factors of i?
3, 5, 7, 23
Let d(b) = 49*b**2 + 134*b + 3695. What are the prime factors of d(-33)?
2, 26317
Suppose -4*f + 44500 = 4*c, 9*c - 6*c - 33399 = 5*f. What are the prime factors of c?
2, 13, 107
Let b = -350 + 153. Suppose -36*m + 11077 = -407. Let s = b + m. What are the prime factors of s?
2, 61
Let q(c) = 15*c + 5. Let a be q(-5). Let n(g) = -8*g - 56. Let t be n(-4). Let o = t - a. What are the prime factors of o?
2, 23
Let o(q) = 4701*q + 1519. List the prime factors of o(4).
20323
Suppose 0 = -2*y + n + 2723, 2*y + 0*n - 2703 = 5*n. What are the prime factors of 52/(-78) + y/3?
2, 227
Let l(k) = 754*k - 635. What are the prime factors of l(2)?
3, 97
Let q(u) = 94 - 266 + 96 + u**2 + 17*u. What are the prime factors of q(-23)?
2, 31
Let h = 4 - 0. Let k = h - 2. Suppose r + i = 54, -i + k*i - 225 = -4*r. List the prime factors of r.
3, 19
Suppose 5*j - 11842 = -t + 56677, 4*t - 5*j = 274251. What are the prime factors of t?
2, 151, 227
Let s(g) = g**2 + 3*g - 1. Let m be s(-2). List the prime factors of 34 + (-1)/2*(1 + m).
5, 7
Let s = 32699 - 22190. What are the prime factors of s?
3, 31, 113
Let w = 89 + -88. Let l(t) = -w - 2025*t + 2025*t + 4*t**2. List the prime factors of l(3).
5, 7
Suppose -139*x + 1804 = -7231. Suppose -92 = 5*f - 3*f. Let w = f + x. List the prime factors of w.
19
Let z = -3212 - -3393. Let x(r) = 2*r**2 - 2*r + 1. Let j be x(7). Let o = z - j. 